9). Let w = -545 + l. What is the units digit of w?
6
Suppose -2*q - 17198 - 32012 = -x, 0 = -4*x - q + 196777. What is the thousands digit of x?
9
Suppose 0 = 760*j - 768*j + 46088. What is the thousands digit of j?
5
Let m(i) = 1424*i**2 - 155*i + 476. What is the ten thousands digit of m(3)?
1
Let o(u) be the third derivative of -13*u**2 - 1/2*u**4 - 1/120*u**6 + 0 + 13/6*u**3 + 0*u - 1/6*u**5. What is the units digit of o(-9)?
0
Let l(k) = 71*k**3 - 41*k**2 + 458*k. What is the thousands digit of l(10)?
1
Let z(v) = v**3 - 10*v**2 - 11*v. Let p be z(11). Suppose 0 = -5*k - p*k - 495. Let i = k - -130. What is the tens digit of i?
3
Suppose 5*r + 421 = 21. Let b be (-709)/(-7) - (-2)/(-7). Let z = r + b. What is the units digit of z?
1
Let t be -4 + 8 + -7 + 0 + 9. What is the hundreds digit of ((-9)/t)/1*(-634)/3?
3
Let x(h) = 480*h + 2482. What is the thousands digit of x(33)?
8
Let p(i) = -3*i**3 - 67*i**2 - 67*i - 54. What is the units digit of p(-23)?
5
What is the units digit of (8 + (-80)/12)*(-702)/(-8)?
7
Let o be 15/10 - (-5)/2. Suppose 5*t - 9508 = -5*k + 737, -o*t + 8181 = -k. What is the thousands digit of t?
2
Let m(r) = r**3 + 4*r**2 - 6*r - 1. Let p be m(-5). Suppose p*t = 9 + 703. What is the units digit of t?
8
Suppose 0 = -6*i - 88 + 106. Suppose -i*s + 1458 = o, 3*s - 3*o + 1949 = 7*s. What is the tens digit of s?
8
Let v = 162 + -2. Suppose 360 + v = 2*w. Let z = -180 + w. What is the units digit of z?
0
Let d = 11 + -5. Let h be 2 + (-3)/d*-2. Suppose -3*q + 8 = h*u - 2*u, 5*q = 4*u - 32. What is the units digit of u?
8
Let j be 2/(8/(-4))*0. Suppose 4*s - s = -5*q + 95, 2*s + 2*q - 70 = j. Let d = s - 19. What is the tens digit of d?
2
Suppose 353 - 639 = -11*n. Let x(v) = -3*v**3 - v**2. Let a be x(-1). What is the units digit of n/(-91) + a/((-28)/(-382))?
7
Let a(x) = -6*x - 14. Let c be a(-4). Let o be c - (4 + -7 - -4). What is the units digit of (8 - 14)/((-2)/o)?
7
What is the ten thousands digit of 15/((-240)/(-92032))*2?
1
What is the units digit of (10 - 2)/2 + (-4)/((-48)/241092)?
5
Suppose -3*w + 13*i - 11*i = -17, 11 = 3*w + 4*i. Suppose 15*g - 255 = 12*g - 3*q, -425 = -w*g - q. What is the tens digit of g?
8
Let c(o) = o**3 + 6*o**2 + 3. Let x be c(-6). Suppose a + a + y = 818, -5*a - x*y + 2043 = 0. What is the hundreds digit of a?
4
Let s = -3682 - -10017. Suppose -s - 1781 = -4*l. What is the hundreds digit of l?
0
Let p(x) = 16*x**3 - 72*x**2 - 22*x + 2. What is the thousands digit of p(9)?
5
Suppose f + 73403 = 5*g, -6*g + f + 127167 - 39082 = 0. What is the units digit of g?
2
Suppose 0 = 3*n + 649 - 718. Suppose n*o - 18708 = 11*o. What is the units digit of o?
9
Let q = -169 - -290. Let c = q + -133. What is the tens digit of (-1402)/c + (-9)/(-54)?
1
Let r = 997 + 446. Suppose -4*k + 3*t + 1481 = 0, -5*k + r = -4*t - 407. What is the hundreds digit of k?
3
Let q(r) = 4*r**3 - 15*r**2 - 44*r + 22. What is the thousands digit of q(9)?
1
Suppose 47*d + v + 19636 = 50*d, -5*d = -4*v - 32729. What is the thousands digit of d?
6
What is the hundreds digit of 69 + -58 - (-1 + -27302)?
3
Suppose 2*g = a - 0*a - 3169, -a + 3169 = g. What is the units digit of a?
9
Let t(b) = -4*b - 37. Let q be t(-13). Let x = -25 + q. Let s(g) = g**2 - 5*g - 17. What is the hundreds digit of s(x)?
1
What is the ten thousands digit of ((-11)/22)/(1/10) - 123170/(-5)?
2
Let t = 122 + -96. Suppose m + t = 278. Let a = -126 + m. What is the tens digit of a?
2
Let z(k) = 5*k**2 - 7*k - 6. Suppose 2*b = -5*v + 18, b - 5 - 7 = -4*v. Suppose -v*s = -0 - 12. What is the hundreds digit of z(s)?
1
Suppose -5*a = 3*h - 11114, 4*h = 4*a + 231 - 9135. Suppose 0 = 4*x + 5*f - a, 2*x - 4*f - 1381 = -243. What is the hundreds digit of x?
5
Let i(d) = d**3 + 24*d**2 + 49*d + 51. Suppose 0 = -2*l + 5*p - 57, -30 - 39 = 3*l - 2*p. What is the tens digit of i(l)?
4
Let s(w) = -w**2 + 10*w - 15. Let h be s(12). Let z = 334 + h. Suppose -4*y + 113 + z = 0. What is the tens digit of y?
0
Suppose -4*w + 4*s - 592 = 0, -4*w + 6*s = -6*w - 328. Let p = 269 - 11. Let f = w + p. What is the hundreds digit of f?
1
Suppose -44*t - 16*t + 12180 = 0. Suppose -5494 = -4*s - 2*i, 2*s + 4*i - t - 2553 = 0. What is the thousands digit of s?
1
Suppose -23660 = 80*v - 326700. What is the units digit of v?
8
Let d be (-1)/((1/3)/(10/30)). Let n(z) = 1232*z**2 + 6*z + 6. What is the units digit of n(d)?
2
Suppose -4*j = -3*p + 11, 2*p + 3 - 8 = 5*j. Suppose 0 = -s - 3*d + 559, -p*s = -10*s - 4*d + 2795. What is the tens digit of s?
5
Let q = 70 + 354. What is the units digit of (0 + 6/8)*q?
8
Suppose -5 = 2*d + 4*b - 29, 36 = 5*d + 4*b. Let i be ((-1104)/(-14))/d*-7. What is the tens digit of 2/(-4)*9*i/9?
6
Let f = -89834 - -150864. What is the tens digit of f?
3
What is the hundreds digit of (611/(-47))/((-6)/7530)?
3
Let f be -78*(64/(-144))/((-2)/(-57)). Let p = f - -182. What is the tens digit of p?
7
Let u(k) = -2*k - 1. Let l(y) = -2*y + 5. Let j be l(3). Let g(v) = -17*v + 14. Let x(p) = j*g(p) + 3*u(p). What is the units digit of x(8)?
1
Let c = 41 - 22. Suppose -9028 = -c*w + 3930. What is the tens digit of w?
8
Let k be (-16)/(-6)*(-105)/(-14). Let z = k - 18. Suppose l - z*o = 3*o + 119, -431 = -4*l + 5*o. What is the units digit of l?
4
Suppose 4*f - 713 = -661. Suppose f*h + 4077 = 22*h. What is the units digit of h?
3
Let b = -19 + -1. Let k = -49 - b. Let g = k - -35. What is the units digit of g?
6
Suppose -10 = -2*c - 2*y, -8*c + 5*y - 5 = -3*c. Suppose -c*k + 146 + 2048 = 0. What is the tens digit of k?
9
Suppose 5*b = 3*v - 10086, 2*b - 3718 - 3006 = -2*v. What is the thousands digit of v?
3
Let g(w) = w**3 - 40*w**2 + 54*w + 103. What is the units digit of g(40)?
3
Let a be (-4)/(-14) - (-7240)/(-56). Let q = a + 141. Suppose -q*t + 21*t = 909. What is the hundreds digit of t?
1
Suppose -71*t = -66*t - 4*o - 46017, -36830 = -4*t - 5*o. What is the thousands digit of t?
9
Let m = 523 - -5. What is the units digit of m?
8
Suppose 13 + 5 = 9*z. Suppose 0 = z*d + 5*d. Suppose u - 3*v = -d*v + 9, -v = -5*u + 73. What is the tens digit of u?
1
Suppose 5*b + 38 = -14*b. What is the hundreds digit of (6 - 314 - -6)/b?
1
Suppose 26 - 8 = 2*b. Suppose -3*t = -3*z - b, -2*z = t + 2 - 5. Let k(v) = v**3 - 2*v**2 + 2*v - 2. What is the units digit of k(t)?
3
Suppose -147 = -3*q - 0*q. Suppose -3*x + 841 - q = 0. Suppose -3*u - x = -3*j, 6 = u + 2*u. What is the tens digit of j?
9
Suppose 977557 + 2371867 = 104*h. What is the tens digit of h?
0
Let u(m) = 81*m**2 - 2*m + 1. Suppose -8 = -50*j + 42*j. What is the units digit of u(j)?
0
Suppose 0 = s + 4*k - 5408, 9*s = -86*k + 82*k + 48608. What is the tens digit of s?
0
Let k be 2/7 + (-376)/(-56) + -8. Let i(w) = -141*w**3 - w**2 - 3*w - 2. What is the units digit of i(k)?
1
Let y(b) = -2*b**3 - 49*b**2 + 25*b + 4. Let c be 25/1*(-3 + 2). Let u be y(c). Suppose u*k + 4*p - 412 = 0, 5*k - 587 + 45 = 4*p. What is the tens digit of k?
0
Suppose -14*t + 70 = -0*t. What is the tens digit of -141*4*t/(-20)?
4
Suppose 2049458 = 475*j + 24533. What is the thousands digit of j?
4
Suppose 0 = o + b + 44, 2*o - b + 92 = -2*b. Let t = -645 + 536. Let n = o - t. What is the tens digit of n?
6
Suppose 6*p + 12*p = -144. What is the units digit of ((-47)/(-2))/(5/(78 + p))?
9
Let y = -6171 - -8663. Suppose 2*n - 3*c = 1246, -4*n + 0*c + y = c. What is the hundreds digit of n?
6
Suppose 2*k + 30 = 7*k + 5*c, -2*k = c - 8. Let g be (3/k - 2) + (-1100)/(-40). Suppose -33 = -30*l + g*l. What is the tens digit of l?
1
Let q = 107 - 155. Let p be (-26)/(-5) + q/(-60). Suppose -7*b = -p*b - 30. What is the tens digit of b?
3
Let m = 4532 - 3419. What is the tens digit of m?
1
Let f be 7/56*20614 + 6/(-8). Suppose -2*y + 147 + 1147 = -4*v, f = 4*y - 4*v. What is the hundreds digit of y?
6
Let w = 39 - -59. Suppose -9*o + 845 = w. What is the tens digit of o?
8
Let q be (28/6)/((-2)/(-3)). Suppose 14*f = 3*y + 12*f - 2114, -5*f + 3515 = 5*y. Suppose 18*i - y = q*i. What is the tens digit of i?
6
Suppose s + 7 = 3*g, 0*g - 10 = -5*g. Let i(z) = -5*z - 2. Let y be i(s). Suppose a + 2*a - 48 = -y*j, 52 = 2*j - 2*a. What is the units digit of j?
1
Let f(x) = x**3 - 21*x**2 - 2*x - 35. Let y be f(21). Let l = y + 89. What is 